emainder when w is divided by o?
45
Let d(o) be the first derivative of o**3/3 + o**2 + 3. Let t be d(-4). Let a = t + 31. What is the remainder when a is divided by 14?
11
Suppose -159 = -7*v + 51. Let i be (3/6)/(1/(-22)). Let c = 27 + i. What is the remainder when v is divided by c?
14
Suppose -2*s + 218 = -242. Suppose -s = -9*q + 5*q + 2*o, 5*q + 4*o = 255. Calculate the remainder when q is divided by 7.
6
Let x = -127 - -178. Let f(h) = 19*h - 12. Suppose -2*i = -3*i, 3*k - i - 6 = 0. What is the remainder when x is divided by f(k)?
25
Suppose -115 = -4*h - 3*o, 0 = -h + 5*o + 4 + 19. Suppose 3*z - h = -z. Let k = -5 + z. What is the remainder when k is divided by 2?
0
Let x(v) = 2*v**3 - 4*v**2 - 4*v + 2. Suppose -3*j - 63 = -7*j + o, 5*j - o - 79 = 0. Let h = 20 - j. Calculate the remainder when x(h) is divided by 13.
11
Suppose -190 = -5*x + 2*p, 2*x + 39*p = 42*p + 87. Suppose -4*o + 19 + 33 = 0. Calculate the remainder when x is divided by o.
10
Suppose 0 = 4*r - 21 - 7. What is the remainder when r is divided by 4?
3
Let h be (-3)/2*(-3030)/(-45). Let x = h - -143. Let u = -19 + 34. What is the remainder when x is divided by u?
12
Let d = 74 + -50. Calculate the remainder when d is divided by 9.
6
Let t = 148 - 218. What is the remainder when (-3)/(1 - (-76)/t) is divided by (2/3)/(10/135)?
8
Let w = 1558 + -1517. Calculate the remainder when 1064 is divided by w.
39
Let y(s) = s**2 + 11*s + 2. Let g be y(-11). Suppose -g*p - 42 = -4*o, 4*p = -0 + 4. What is the remainder when 74 is divided by o?
8
Let x(j) = 42*j + 2. Let z be x(-2). Let s = z - -219. What is the remainder when s is divided by 35?
32
Let i(g) = 3*g**3 - 4*g**2 - g + 5. Let p(v) = -14*v**3 - 3*v**2 - 2*v. Let a(x) = x - 6. Let t be a(5). Calculate the remainder when i(3) is divided by p(t).
8
Let m(d) = 2*d**2 + 4*d - 7. Let r be m(-5). Let t(l) = -8*l**2 + 21*l - 1. Let p be t(3). Let i = r + p. Calculate the remainder when 24 is divided by i.
11
Let p = 122 - -154. Suppose p = 12*t - 6*t. What is the remainder when t is divided by 6?
4
Suppose 4*t + 4*w - 28 = 0, 15 = 4*w - 9*w. Let d(u) = 7*u - 2*u + t*u - 1 - u. Calculate the remainder when d(2) is divided by 14.
13
Calculate the remainder when 26 is divided by (-19 + 1)*4/(-18).
2
What is the remainder when 69 is divided by (-18)/(12/(-4)) + 24?
9
What is the remainder when (-55)/(-5) - -428 - (-2)/(-2) is divided by 111?
105
Let b(s) = -53*s - 248. Suppose 4*q = 4*i - 52, 3*i + 3*q - 73 = -2*i. Suppose -3*h - i = -41. What is the remainder when b(-5) is divided by h?
8
Let r(v) = -v**2 - v - 3. Let n be r(-3). Let l = n + 13. Suppose -70 = -l*s - 2*j, 4*s - 3*j - 49 = 2*j. Calculate the remainder when 45 is divided by s.
13
Let c(q) = q**2 + q + 1. Let r(d) = -d**3 - 7*d**2 - 8*d - 9. Let j be r(-6). Suppose 74 = j*k - 118. Calculate the remainder when k is divided by c(3).
12
Suppose 3*f = f + 132. Suppose 40*r - f = 37*r. Calculate the remainder when 39 is divided by r.
17
Suppose -5*f + 847 = 3*h, 36*h - f = 32*h + 1137. Calculate the remainder when h is divided by 42.
32
Suppose 2*g + 35 = 3*g. Suppose 2*f - g = -9. Calculate the remainder when 49 is divided by f.
10
Let n(h) = -6*h + 9*h + 1 - 7*h. What is the remainder when 32 is divided by n(-2)?
5
Let x be (3/(-2))/((-27)/(-72)). Let s(k) = -2*k + 6. What is the remainder when 67 is divided by s(x)?
11
Suppose 25*z - 23*z + 2 = 0. Let i(m) = 9*m**2 + 2*m + 3. Calculate the remainder when i(-2) is divided by (z - 168/(-9)) + (-2)/(-6).
17
Let b(a) = a**2 - 5. Let u(m) = -m**3 + 22*m**2 - 4. Let p be u(22). Calculate the remainder when 6/6 - (-6)/p*-38 is divided by b(-5).
18
Suppose 0 = -4*g - 2*p - 24 + 294, -4*g = -3*p - 275. What is the remainder when 265 is divided by g?
61
Suppose 410 = 362*a - 352*a. Let q be 10/(-35) - (-163)/7. Let s = 45 - q. Calculate the remainder when a is divided by s.
19
Suppose -27 = -5*t + 3. Suppose -t*w + 85 - 13 = 0. Calculate the remainder when 58 is divided by w.
10
Let k(n) = 20 - 2*n**3 - 2*n**2 - n**2 - 19. Calculate the remainder when k(-4) is divided by 21.
18
Let g = -205 - -219. What is the remainder when 53 is divided by g?
11
Suppose -90*t + 94*t - 80 = 0. What is the remainder when 98 is divided by t?
18
Suppose -147*n = -154*n + 532. What is the remainder when 236 is divided by n?
8
Let x(z) = z**3 + 10*z**2 + 8*z + 6. Let w = 22 + -31. Calculate the remainder when 101 is divided by x(w).
11
Suppose 0*x - 19 = -x. Let u = 42 - 36. Suppose -u*m + 222 = -3*m. What is the remainder when m is divided by x?
17
Let c(n) = -46*n - 55. What is the remainder when 208 is divided by c(-2)?
23
Let b = -3 + 1. Calculate the remainder when (2*(-1)/b)/(11/2101) is divided by 64.
63
Suppose 16 = 2*n - 4. What is the remainder when n - (-2 - 6/3) is divided by 1 - (-1 - (8 + -1))?
5
Suppose 3*z - w = w + 31, 5*w + 18 = -z. Let a = 27 + z. Calculate the remainder when a is divided by 12.
10
Suppose 5*w - 250 = 300. Suppose 15*m - w = 5*m. What is the remainder when 29 is divided by m?
7
Let n(q) = 126*q - 651. What is the remainder when 1467 is divided by n(6)?
102
Let r = 917 - 885. Calculate the remainder when 96 is divided by r.
0
Let o(z) = z**3 + 6*z**2 + z - 1. Let k be o(-6). Let p = k + 16. What is the remainder when -37*-3*3/p is divided by 13?
11
Suppose 3*r - r = 0. Let x be -1 - r - (-5 - -1). Suppose 3*f = -x*o - o + 27, 0 = -f + 2*o - 1. Calculate the remainder when 19 is divided by f.
4
Let c(y) = -58*y + 33 - 66*y + 120*y. Calculate the remainder when c(-13) is divided by 22.
19
Let i(j) = 2*j - 4. Let z be i(3). Calculate the remainder when (0 - -4)*(78/8 - z) is divided by 17.
14
Suppose 5*v + 5 = -10. Let s be -2 + 0 - -2 - v. Let j = 4 + s. What is the remainder when j is divided by 3?
1
Let a = -5 + 7. Suppose 0 = -a*y + 121 + 17. What is the remainder when y is divided by 14?
13
Suppose 2*g + 2*l - 3*l + 16 = 0, 3*g = 5*l - 17. Let y be g/(-3) - (3 + -2). Suppose 0 = -y*p - 2*p + 64. Calculate the remainder when 27 is divided by p.
11
Suppose 3*r - 5*i = -3 - 4, -4*r - 4*i - 52 = 0. Let b(t) = -3*t - 15. Calculate the remainder when 20 is divided by b(r).
8
What is the remainder when 4 is divided by -5 - (-40)/(-5)*-1?
1
Let u(g) = -3*g + 2. Let z be u(-5). Suppose -2*b + 3*f = -9, -f + 3 = 2*b - 2. Suppose -b*o = -13 - z. Calculate the remainder when 17 is divided by o.
7
Suppose 3*l = 4*l - 6. Suppose -3*m + d - 27 = -l*m, -2*d + 4 = m. Suppose -3*q + m + 41 = 0. Calculate the remainder when q is divided by 9.
8
Suppose 5*i + 51 = b, -b + 7*i + 43 = 10*i. Calculate the remainder when 733 is divided by b.
43
Suppose -4*l + n + 173 = -151, 4*n = -5*l + 384. Suppose -3*y = 8*s - 13*s + 140, 4*y = -4*s + l. Calculate the remainder when 71 is divided by s.
21
Let m(v) = 5*v**3 - 4*v**2 + 3*v. Let o(i) = -4*i**3 + 3*i**2 - 2*i. Let q(g) = -3*m(g) - 4*o(g). Calculate the remainder when 6 is divided by q(2).
0
Let g = -129 - -129. Suppose p + 204 - 231 = g. What is the remainder when 3/(-1)*(-1 - 25) is divided by p?
24
What is the remainder when 10 - (-172 + 77/11) is divided by 36?
31
Let l(s) = 6*s - 5. Let a be l(5). Let p = a - 15. Let j(g) = -g**3 + 6*g**2 + 4*g + 4. Calculate the remainder when j(6) is divided by p.
8
Suppose 0 = 4*y + 38 - 22. Calculate the remainder when 7 is divided by y/10*-4*10/4.
3
Suppose 11*g = 8*g + 102. Calculate the remainder when 100 is divided by g.
32
What is the remainder when 140 is divided by 7 + (-18)/(-21)*7?
10
Suppose a = -39 - 11. Let v be (a/(-4)*-10)/(-1). Suppose -3*p - 2*p = -v. What is the remainder when 97 is divided by p?
22
Let v be (-3)/(-9) - 51/(-9). Let s(f) = 2*f**3 - 9*f**2 + 4*f - 2. Let h be s(v). Suppose -3*n = 2*n - h. What is the remainder when n is divided by 9?
8
Let u(x) be the second derivative of 2*x**3/3 - 16*x**2 + 4*x. Let j be u(13). Let v = j + -17. Calculate the remainder when 4 is divided by v.
1
Suppose 7600 = 20*g - 4*g. Calculate the remainder when g is divided by 20.
15
Let s(f) = 2*f**2 + 5*f + 15. Calculate the remainder when 133 is divided by s(-4).
25
Suppose -4*t - t + 197 = 4*s, 0 = 2*t + 2*s - 78. What is the remainder when t is divided by 18?
5
Suppose -3*p = 3*y - 6*p - 1068, 0 = 2*y + p - 727. Calculate the rema